{"id":4752,"date":"2023-10-17T06:26:26","date_gmt":"2023-10-17T04:26:26","guid":{"rendered":"https:\/\/home2.design.tusitiopro.com\/?page_id=4752"},"modified":"2024-06-04T12:37:14","modified_gmt":"2024-06-04T17:37:14","slug":"instructivo","status":"publish","type":"page","link":"https:\/\/institutotriangulo.edu.co\/website\/instructivo\/","title":{"rendered":"Instructivo Q10"},"content":{"rendered":"\t\t<div data-elementor-type=\"wp-page\" data-elementor-id=\"4752\" class=\"elementor elementor-4752\">\n\t\t\t\t\t\t<section class=\"elementor-section elementor-top-section elementor-element elementor-element-6b508e5 elementor-section-height-min-height elementor-section-boxed elementor-section-height-default elementor-section-items-middle\" data-id=\"6b508e5\" data-element_type=\"section\" data-settings=\"{&quot;background_background&quot;:&quot;classic&quot;}\">\n\t\t\t\t\t\t\t<div class=\"elementor-background-overlay\"><\/div>\n\t\t\t\t\t\t\t<div class=\"elementor-container elementor-column-gap-default\">\n\t\t\t\t\t<div class=\"elementor-column elementor-col-100 elementor-top-column elementor-element elementor-element-ea9e11b\" data-id=\"ea9e11b\" data-element_type=\"column\" data-settings=\"{&quot;background_background&quot;:&quot;classic&quot;}\">\n\t\t\t<div class=\"elementor-widget-wrap elementor-element-populated\">\n\t\t\t\t\t<div class=\"elementor-background-overlay\"><\/div>\n\t\t\t\t\t\t<div class=\"elementor-element elementor-element-a304c34 elementor-widget elementor-widget-heading\" data-id=\"a304c34\" data-element_type=\"widget\" data-widget_type=\"heading.default\">\n\t\t\t\t<div class=\"elementor-widget-container\">\n\t\t\t\t\t<h2 class=\"elementor-heading-title elementor-size-default\">Instructivo Q10<\/h2>\t\t\t\t<\/div>\n\t\t\t\t<\/div>\n\t\t\t\t\t<\/div>\n\t\t<\/div>\n\t\t\t\t\t<\/div>\n\t\t<\/section>\n\t\t\t\t<section class=\"elementor-section elementor-top-section elementor-element elementor-element-6fe9b00 elementor-section-height-min-height elementor-section-boxed elementor-section-height-default elementor-section-items-middle\" data-id=\"6fe9b00\" data-element_type=\"section\">\n\t\t\t\t\t\t<div class=\"elementor-container elementor-column-gap-no\">\n\t\t\t\t\t<div class=\"elementor-column elementor-col-100 elementor-top-column elementor-element elementor-element-2175245\" data-id=\"2175245\" data-element_type=\"column\">\n\t\t\t<div class=\"elementor-widget-wrap elementor-element-populated\">\n\t\t\t\t\t\t<section class=\"elementor-section elementor-inner-section elementor-element elementor-element-335581a elementor-section-boxed elementor-section-height-default elementor-section-height-default\" data-id=\"335581a\" data-element_type=\"section\">\n\t\t\t\t\t\t<div class=\"elementor-container elementor-column-gap-default\">\n\t\t\t\t\t<div class=\"elementor-column elementor-col-50 elementor-inner-column elementor-element elementor-element-1798e07\" data-id=\"1798e07\" data-element_type=\"column\">\n\t\t\t<div class=\"elementor-widget-wrap elementor-element-populated\">\n\t\t\t\t\t\t<div class=\"elementor-element elementor-element-453d091 elementor-widget elementor-widget-image\" data-id=\"453d091\" data-element_type=\"widget\" data-widget_type=\"image.default\">\n\t\t\t\t<div class=\"elementor-widget-container\">\n\t\t\t\t\t\t\t\t\t\t\t\t\t\t\t<img fetchpriority=\"high\" decoding=\"async\" width=\"499\" height=\"522\" src=\"https:\/\/institutotriangulo.edu.co\/website\/wp-content\/uploads\/2024\/06\/instructivo-q10.png\" class=\"attachment-large size-large wp-image-7393\" alt=\"Instituto Tri\u00e1ngulo Instructivo Q10\" srcset=\"https:\/\/institutotriangulo.edu.co\/website\/wp-content\/uploads\/2024\/06\/instructivo-q10.png 499w, https:\/\/institutotriangulo.edu.co\/website\/wp-content\/uploads\/2024\/06\/instructivo-q10-287x300.png 287w\" sizes=\"(max-width: 499px) 100vw, 499px\" \/>\t\t\t\t\t\t\t\t\t\t\t\t\t\t\t<\/div>\n\t\t\t\t<\/div>\n\t\t\t\t\t<\/div>\n\t\t<\/div>\n\t\t\t\t<div class=\"elementor-column elementor-col-50 elementor-inner-column elementor-element elementor-element-601c704\" data-id=\"601c704\" data-element_type=\"column\">\n\t\t\t<div class=\"elementor-widget-wrap elementor-element-populated\">\n\t\t\t\t\t\t<div class=\"elementor-element elementor-element-e54301d elementor-widget elementor-widget-heading\" data-id=\"e54301d\" data-element_type=\"widget\" data-widget_type=\"heading.default\">\n\t\t\t\t<div class=\"elementor-widget-container\">\n\t\t\t\t\t<h2 class=\"elementor-heading-title elementor-size-default\">Capac\u00edtate<\/h2>\t\t\t\t<\/div>\n\t\t\t\t<\/div>\n\t\t\t\t<div class=\"elementor-element elementor-element-27d4e65 elementor-widget elementor-widget-text-editor\" data-id=\"27d4e65\" data-element_type=\"widget\" data-widget_type=\"text-editor.default\">\n\t\t\t\t<div class=\"elementor-widget-container\">\n\t\t\t\t\t\t\t\t\t<p>&#8220;Bienvenidos a la secci\u00f3n de instructivos de Q10, la herramienta virtual que ha revolucionado la forma en que nuestros estudiantes y profesores interact\u00faan con el Instituto Tri\u00e1ngulo. En esta plataforma todo en uno, hemos reunido las herramientas y recursos esenciales para simplificar y enriquecer su experiencia educativa.<\/p><p>En esta secci\u00f3n de instructivos, encontrar\u00e1n una gama de videos y gu\u00edas detalladas para ayudar tanto a estudiantes como a profesores a aprovechar al m\u00e1ximo Q10. Nuestros tutoriales est\u00e1n dise\u00f1ados para que pueda familiarizarse r\u00e1pidamente con la plataforma y sacar el m\u00e1ximo provecho de sus caracter\u00edsticas<a href=\"https:\/\/institutotriangulo.edu.co\/website\/\">.<\/a><\/p>\t\t\t\t\t\t\t\t<\/div>\n\t\t\t\t<\/div>\n\t\t\t\t<div class=\"elementor-element elementor-element-352b1e0 elementor-widget elementor-widget-spacer\" data-id=\"352b1e0\" data-element_type=\"widget\" data-widget_type=\"spacer.default\">\n\t\t\t\t<div class=\"elementor-widget-container\">\n\t\t\t\t\t\t\t<div class=\"elementor-spacer\">\n\t\t\t<div class=\"elementor-spacer-inner\"><\/div>\n\t\t<\/div>\n\t\t\t\t\t\t<\/div>\n\t\t\t\t<\/div>\n\t\t\t\t\t<\/div>\n\t\t<\/div>\n\t\t\t\t\t<\/div>\n\t\t<\/section>\n\t\t\t\t\t<\/div>\n\t\t<\/div>\n\t\t\t\t\t<\/div>\n\t\t<\/section>\n\t\t\t\t<section class=\"elementor-section elementor-top-section elementor-element elementor-element-854e12c elementor-section-height-min-height elementor-section-boxed elementor-section-height-default elementor-section-items-middle\" data-id=\"854e12c\" data-element_type=\"section\">\n\t\t\t\t\t\t<div class=\"elementor-container elementor-column-gap-default\">\n\t\t\t\t\t<div class=\"elementor-column elementor-col-100 elementor-top-column elementor-element elementor-element-6eb7588\" data-id=\"6eb7588\" data-element_type=\"column\">\n\t\t\t<div class=\"elementor-widget-wrap elementor-element-populated\">\n\t\t\t\t\t\t<section class=\"elementor-section elementor-inner-section elementor-element elementor-element-be81bb6 elementor-section-boxed elementor-section-height-default elementor-section-height-default\" data-id=\"be81bb6\" data-element_type=\"section\">\n\t\t\t\t\t\t<div class=\"elementor-container elementor-column-gap-default\">\n\t\t\t\t\t<div class=\"elementor-column elementor-col-50 elementor-inner-column elementor-element elementor-element-c9fe4a9\" data-id=\"c9fe4a9\" data-element_type=\"column\">\n\t\t\t<div class=\"elementor-widget-wrap elementor-element-populated\">\n\t\t\t\t\t\t<div class=\"elementor-element elementor-element-92e240a elementor-widget elementor-widget-htmega-videoplayer-addons\" data-id=\"92e240a\" data-element_type=\"widget\" data-widget_type=\"htmega-videoplayer-addons.default\">\n\t\t\t\t<div class=\"elementor-widget-container\">\n\t\t\t\t\t            <div class=\"htmega-player-container\" data-videotype=\"{&quot;videocontainer&quot;:&quot;popup&quot;}\">\n                <a class=\"magnify-video-active\" href=\"https:\/\/www.youtube.com\/watch?v=HepRAnEF4Kk\"><i class=\"fas fa-play-circle\"><\/i> Docentes <div class=\"htmega-video-mark\">\n                <div class=\"htmega-wave-pulse wave-pulse-1\"><\/div>\n                <div class=\"htmega-wave-pulse wave-pulse-2\"><\/div>\n                <\/div><\/a>                            <\/div>\n        \t\t\t\t<\/div>\n\t\t\t\t<\/div>\n\t\t\t\t\t<\/div>\n\t\t<\/div>\n\t\t\t\t<div class=\"elementor-column elementor-col-50 elementor-inner-column elementor-element elementor-element-ee0c998\" data-id=\"ee0c998\" data-element_type=\"column\">\n\t\t\t<div class=\"elementor-widget-wrap elementor-element-populated\">\n\t\t\t\t\t\t<div class=\"elementor-element elementor-element-674d554 elementor-widget elementor-widget-htmega-videoplayer-addons\" data-id=\"674d554\" data-element_type=\"widget\" data-widget_type=\"htmega-videoplayer-addons.default\">\n\t\t\t\t<div class=\"elementor-widget-container\">\n\t\t\t\t\t            <div class=\"htmega-player-container\" data-videotype=\"{&quot;videocontainer&quot;:&quot;popup&quot;}\">\n                <a class=\"magnify-video-active\" href=\"https:\/\/www.youtube.com\/watch?v=MRhOdZH2oNI\"><i class=\"fas fa-play-circle\"><\/i> Estudiantes <div class=\"htmega-video-mark\">\n                <div class=\"htmega-wave-pulse wave-pulse-1\"><\/div>\n                <div class=\"htmega-wave-pulse wave-pulse-2\"><\/div>\n                <\/div><\/a>                            <\/div>\n        \t\t\t\t<\/div>\n\t\t\t\t<\/div>\n\t\t\t\t\t<\/div>\n\t\t<\/div>\n\t\t\t\t\t<\/div>\n\t\t<\/section>\n\t\t\t\t\t<\/div>\n\t\t<\/div>\n\t\t\t\t\t<\/div>\n\t\t<\/section>\n\t\t\t\t<\/div>\n\t\t","protected":false},"excerpt":{"rendered":"<p>Instructivo Q10 Capac\u00edtate &#8220;Bienvenidos a la secci\u00f3n de instructivos de Q10, la herramienta virtual que ha revolucionado la forma en que nuestros estudiantes y profesores interact\u00faan con el Instituto Tri\u00e1ngulo. En esta plataforma todo en uno, hemos reunido las herramientas y recursos esenciales para simplificar y enriquecer su experiencia educativa. En esta secci\u00f3n de instructivos, [&hellip;]<\/p>\n","protected":false},"author":2,"featured_media":0,"parent":0,"menu_order":0,"comment_status":"closed","ping_status":"closed","template":"","meta":{"site-sidebar-layout":"no-sidebar","site-content-layout":"page-builder","ast-site-content-layout":"full-width-container","site-content-style":"unboxed","site-sidebar-style":"unboxed","ast-global-header-display":"","ast-banner-title-visibility":"","ast-main-header-display":"","ast-hfb-above-header-display":"","ast-hfb-below-header-display":"","ast-hfb-mobile-header-display":"","site-post-title":"disabled","ast-breadcrumbs-content":"","ast-featured-img":"disabled","footer-sml-layout":"","theme-transparent-header-meta":"","adv-header-id-meta":"","stick-header-meta":"","header-above-stick-meta":"","header-main-stick-meta":"","header-below-stick-meta":"","astra-migrate-meta-layouts":"set","ast-page-background-enabled":"default","ast-page-background-meta":{"desktop":{"background-color":"var(--ast-global-color-4)","background-image":"","background-repeat":"repeat","background-position":"center center","background-size":"auto","background-attachment":"scroll","background-type":"","background-media":"","overlay-type":"","overlay-color":"","overlay-gradient":""},"tablet":{"background-color":"","background-image":"","background-repeat":"repeat","background-position":"center center","background-size":"auto","background-attachment":"scroll","background-type":"","background-media":"","overlay-type":"","overlay-color":"","overlay-gradient":""},"mobile":{"background-color":"","background-image":"","background-repeat":"repeat","background-position":"center center","background-size":"auto","background-attachment":"scroll","background-type":"","background-media":"","overlay-type":"","overlay-color":"","overlay-gradient":""}},"ast-content-background-meta":{"desktop":{"background-color":"var(--ast-global-color-5)","background-image":"","background-repeat":"repeat","background-position":"center center","background-size":"auto","background-attachment":"scroll","background-type":"","background-media":"","overlay-type":"","overlay-color":"","overlay-gradient":""},"tablet":{"background-color":"var(--ast-global-color-5)","background-image":"","background-repeat":"repeat","background-position":"center center","background-size":"auto","background-attachment":"scroll","background-type":"","background-media":"","overlay-type":"","overlay-color":"","overlay-gradient":""},"mobile":{"background-color":"var(--ast-global-color-5)","background-image":"","background-repeat":"repeat","background-position":"center center","background-size":"auto","background-attachment":"scroll","background-type":"","background-media":"","overlay-type":"","overlay-color":"","overlay-gradient":""}},"footnotes":""},"class_list":["post-4752","page","type-page","status-publish","hentry"],"yoast_head":"<!-- This site is optimized with the Yoast SEO plugin v25.1 - https:\/\/yoast.com\/wordpress\/plugins\/seo\/ -->\n<title>Instructivo Q10 - Instituto Triangulo<\/title>\n<meta name=\"description\" content=\"Bienvenidos a la secci\u00f3n de instructivos Q10, la herramienta virtual que ha revolucionado la forma en que nuestros estudiantes...\" \/>\n<meta name=\"robots\" content=\"index, follow, max-snippet:-1, max-image-preview:large, max-video-preview:-1\" \/>\n<link rel=\"canonical\" href=\"https:\/\/institutotriangulo.edu.co\/website\/instructivo\/\" \/>\n<meta property=\"og:locale\" content=\"es_ES\" \/>\n<meta property=\"og:type\" content=\"article\" \/>\n<meta property=\"og:title\" content=\"Instructivo Q10 - Instituto Triangulo\" \/>\n<meta property=\"og:description\" content=\"Bienvenidos a la secci\u00f3n de instructivos Q10, la herramienta virtual que ha revolucionado la forma en que nuestros estudiantes...\" \/>\n<meta property=\"og:url\" content=\"https:\/\/institutotriangulo.edu.co\/website\/instructivo\/\" \/>\n<meta property=\"og:site_name\" content=\"Instituto Triangulo\" \/>\n<meta property=\"article:modified_time\" content=\"2024-06-04T17:37:14+00:00\" \/>\n<meta property=\"og:image\" content=\"https:\/\/institutotriangulo.edu.co\/website\/wp-content\/uploads\/2024\/06\/instructivo-q10.png\" \/>\n<meta name=\"twitter:card\" content=\"summary_large_image\" \/>\n<meta name=\"twitter:label1\" content=\"Tiempo de lectura\" \/>\n\t<meta name=\"twitter:data1\" content=\"1 minuto\" \/>\n<!-- \/ Yoast SEO plugin. -->","yoast_head_json":{"title":"Instructivo Q10 - Instituto Triangulo","description":"Bienvenidos a la secci\u00f3n de instructivos Q10, la herramienta virtual que ha revolucionado la forma en que nuestros estudiantes...","robots":{"index":"index","follow":"follow","max-snippet":"max-snippet:-1","max-image-preview":"max-image-preview:large","max-video-preview":"max-video-preview:-1"},"canonical":"https:\/\/institutotriangulo.edu.co\/website\/instructivo\/","og_locale":"es_ES","og_type":"article","og_title":"Instructivo Q10 - Instituto Triangulo","og_description":"Bienvenidos a la secci\u00f3n de instructivos Q10, la herramienta virtual que ha revolucionado la forma en que nuestros estudiantes...","og_url":"https:\/\/institutotriangulo.edu.co\/website\/instructivo\/","og_site_name":"Instituto Triangulo","article_modified_time":"2024-06-04T17:37:14+00:00","og_image":[{"url":"https:\/\/institutotriangulo.edu.co\/website\/wp-content\/uploads\/2024\/06\/instructivo-q10.png","type":"","width":"","height":""}],"twitter_card":"summary_large_image","twitter_misc":{"Tiempo de lectura":"1 minuto"},"schema":{"@context":"https:\/\/schema.org","@graph":[{"@type":"WebPage","@id":"https:\/\/institutotriangulo.edu.co\/website\/instructivo\/","url":"https:\/\/institutotriangulo.edu.co\/website\/instructivo\/","name":"Instructivo Q10 - Instituto Triangulo","isPartOf":{"@id":"https:\/\/institutotriangulo.edu.co\/website\/#website"},"primaryImageOfPage":{"@id":"https:\/\/institutotriangulo.edu.co\/website\/instructivo\/#primaryimage"},"image":{"@id":"https:\/\/institutotriangulo.edu.co\/website\/instructivo\/#primaryimage"},"thumbnailUrl":"https:\/\/institutotriangulo.edu.co\/website\/wp-content\/uploads\/2024\/06\/instructivo-q10.png","datePublished":"2023-10-17T04:26:26+00:00","dateModified":"2024-06-04T17:37:14+00:00","description":"Bienvenidos a la secci\u00f3n de instructivos Q10, la herramienta virtual que ha revolucionado la forma en que nuestros estudiantes...","breadcrumb":{"@id":"https:\/\/institutotriangulo.edu.co\/website\/instructivo\/#breadcrumb"},"inLanguage":"es","potentialAction":[{"@type":"ReadAction","target":["https:\/\/institutotriangulo.edu.co\/website\/instructivo\/"]}]},{"@type":"ImageObject","inLanguage":"es","@id":"https:\/\/institutotriangulo.edu.co\/website\/instructivo\/#primaryimage","url":"https:\/\/institutotriangulo.edu.co\/website\/wp-content\/uploads\/2024\/06\/instructivo-q10.png","contentUrl":"https:\/\/institutotriangulo.edu.co\/website\/wp-content\/uploads\/2024\/06\/instructivo-q10.png","width":499,"height":522,"caption":"Instituto Tri\u00e1ngulo Instructivo Q10"},{"@type":"BreadcrumbList","@id":"https:\/\/institutotriangulo.edu.co\/website\/instructivo\/#breadcrumb","itemListElement":[{"@type":"ListItem","position":1,"name":"Portada","item":"https:\/\/institutotriangulo.edu.co\/website\/"},{"@type":"ListItem","position":2,"name":"Instructivo Q10"}]},{"@type":"WebSite","@id":"https:\/\/institutotriangulo.edu.co\/website\/#website","url":"https:\/\/institutotriangulo.edu.co\/website\/","name":"Instituto Triangulo","description":"La Mejor Instituci\u00f3n Educativa de Colombia","potentialAction":[{"@type":"SearchAction","target":{"@type":"EntryPoint","urlTemplate":"https:\/\/institutotriangulo.edu.co\/website\/?s={search_term_string}"},"query-input":{"@type":"PropertyValueSpecification","valueRequired":true,"valueName":"search_term_string"}}],"inLanguage":"es"}]}},"_links":{"self":[{"href":"https:\/\/institutotriangulo.edu.co\/website\/wp-json\/wp\/v2\/pages\/4752","targetHints":{"allow":["GET"]}}],"collection":[{"href":"https:\/\/institutotriangulo.edu.co\/website\/wp-json\/wp\/v2\/pages"}],"about":[{"href":"https:\/\/institutotriangulo.edu.co\/website\/wp-json\/wp\/v2\/types\/page"}],"author":[{"embeddable":true,"href":"https:\/\/institutotriangulo.edu.co\/website\/wp-json\/wp\/v2\/users\/2"}],"replies":[{"embeddable":true,"href":"https:\/\/institutotriangulo.edu.co\/website\/wp-json\/wp\/v2\/comments?post=4752"}],"version-history":[{"count":0,"href":"https:\/\/institutotriangulo.edu.co\/website\/wp-json\/wp\/v2\/pages\/4752\/revisions"}],"wp:attachment":[{"href":"https:\/\/institutotriangulo.edu.co\/website\/wp-json\/wp\/v2\/media?parent=4752"}],"curies":[{"name":"wp","href":"https:\/\/api.w.org\/{rel}","templated":true}]}}